actor of 544 and a.
34
Let o(n) be the first derivative of n**3/3 + n - 6. Let b be o(-4). Let t = b + 2. What is the highest common factor of t and 152?
19
Let k(s) = 11*s**2 - 3*s + 2. Let j be k(-3). Suppose -10*u - 29 + 35 = -94. Calculate the highest common divisor of j and u.
10
Suppose 2*g = -6*b + 3*b + 2457, -1638 = -2*b - 5*g. What is the highest common divisor of b and 63?
63
Let u(x) = -7*x - 8. Let s be u(-13). Let q = s - 59. Let v be (q/10)/(10/75). What is the highest common divisor of v and 9?
9
Suppose -6 = -2*u + 748. Let w be (u/13)/(1/3). Suppose -w = -5*b + 298. Calculate the highest common factor of b and 11.
11
Suppose 17 = -2*u + 87. Suppose -5*w + 30 = 2*b, 5*w + b - u = -0*b. Suppose 3*s - 18 = -c - c, -c + w = 2*s. Calculate the highest common divisor of 108 and c.
12
Let q(c) = c**3 - 10*c**2 + 26*c + 60. Let k be q(10). Calculate the greatest common divisor of k and 120.
40
Suppose 0 = -q + 4*a - 11 + 40, q - 2 = -5*a. Suppose 5*t - 4*z = 785, -5*t - z + 96 = -664. What is the highest common divisor of q and t?
17
Let u = -686 + 847. What is the greatest common factor of 28 and u?
7
Let p(b) = -b**3 - b - 3. Let k be p(-3). Suppose 0 = 5*t, k = 3*v - 3*t - 123. Suppose -4*a + a = -30. What is the greatest common divisor of a and v?
10
Suppose -7*n + 22 = -5*n. Let g = -4 + n. Suppose 3*b - g = 14. Calculate the greatest common divisor of 7 and b.
7
Let r(u) = -2*u**3 - 5*u**2 - u + 2. Let h be r(-5). Let l = h + -69. Calculate the greatest common factor of l and 7.
7
Suppose -4*a = 5*f - 5324, 7*f - 3*f = 5*a + 4292. What is the highest common factor of f and 12?
12
Let n be (-57 - -55)*1/(1/(-1)). Suppose 3*s = n*j + 525, 855 = 5*s - 4*j - 20. What is the greatest common divisor of 35 and s?
35
Let w be 249/6 - (2 - -1)/(-6). Suppose 5*u - w = 28. What is the greatest common divisor of 21 and u?
7
Suppose -898 = -5*p - 2*d, 5*p + 717 = 9*p + 3*d. What is the highest common factor of p and 40?
20
Let k be (-1)/4 + 13/4. Let y be 256/6 + (-2)/3. Let n be (y/(-3))/(2/(-3)). Calculate the greatest common factor of k and n.
3
Suppose -28 - 9 = j - 2*r, 4*r + 12 = 0. Let d = j - -58. Calculate the greatest common divisor of 45 and d.
15
Suppose 5*b = -0*b + 75. Let i = 5 + b. Let u = -15 + i. Calculate the highest common factor of u and 5.
5
Let y be (-9)/4*(-71 - -55). Suppose 2*f - 4 = 4, -x - 2*f + 62 = 0. Calculate the greatest common factor of x and y.
18
Let k be ((-30)/4)/(1/(-2)). Let n = -119 - -149. Calculate the highest common factor of n and k.
15
Let b = -860 - -1353. Suppose -i = -2*z + 307, i - b = -3*z - 4*i. Suppose -2*d + z + 54 = 0. Calculate the highest common divisor of d and 15.
15
Let q = 13 + -19. Let v = q - -41. Suppose 0 = 2*l, -v = -4*h - l + 9. What is the highest common divisor of h and 22?
11
Suppose -5*s + 6*s - 9 = 0. Suppose 5*y = -s*y + 924. What is the greatest common factor of y and 88?
22
Suppose -c + 4*h + 414 = -0*c, 2*h = 3*c - 1292. What is the highest common divisor of c and 62?
62
Let j(s) = 14*s + 11. Let n = 7 - 1. Let y be j(n). Calculate the greatest common divisor of 19 and y.
19
Suppose -11 = -q + u - 4, 0 = 4*q + 4*u - 12. Let d(n) = -4*n + n**2 + q*n + 2*n. Let m be d(-5). Calculate the greatest common factor of m and 10.
10
Suppose 3*h - 319 = -4*o, 155 = 11*o - 9*o - 3*h. Calculate the greatest common divisor of o and 1.
1
Let r(j) = j**3 + 11*j**2 + 20*j + 21. Let k be r(-9). Calculate the greatest common divisor of 6 and k.
3
Suppose -87*i + 89*i = -42. Let y = 39 + i. What is the greatest common factor of 18 and y?
18
Suppose -25*g + 2537 - 737 = 0. What is the greatest common factor of 120 and g?
24
Let i(p) = 39*p - 1. Suppose -5*t + 4 = -1. Let o be i(t). Let h(l) = 6*l - 569. Let g be h(98). Calculate the greatest common divisor of g and o.
19
Let v be (-1*(-3 - 3))/(-1). Let b(r) = -r**2 - 9*r - 2. Let k be b(v). What is the greatest common divisor of 8 and k?
8
Suppose -2*z - 12 = -6*z. Suppose -z*b = 4*n - 45, -2*b = -4*b - 2. Let u(y) = y**2 - 9*y - 7. Let v be u(n). Calculate the highest common factor of v and 203.
29
Let t(b) = -2*b**2 + 36*b - 35. Let x(y) = 3*y**2 - 54*y + 52. Let a(s) = -7*t(s) - 5*x(s). Let z be a(5). Calculate the greatest common factor of 10 and z.
10
Let w(b) = -8*b**2. Let s be w(-2). Let n = 50 + s. Calculate the greatest common divisor of n and 180.
18
Suppose 0 = -7*g - 87 - 165. Let v = g + 47. What is the greatest common divisor of 121 and v?
11
Suppose 14*r - 342 = 176. Calculate the highest common divisor of r and 1.
1
Let y(h) = -h**2 + 13*h + 23. Let a be y(11). Calculate the greatest common factor of a and 117.
9
Let s(x) = x**3 - 6*x**2 + 5*x + 6. Let y be s(5). Let h(j) = -j**2 + 29*j - 97. Let g be h(4). What is the greatest common divisor of y and g?
3
Let m = 24 - 7. What is the greatest common factor of 85 and m?
17
Let p(s) = -17*s - 593. Let x be p(-37). What is the greatest common factor of x and 1764?
36
Let l(f) = 9*f + 3 - 1 - 6. Let o be l(6). Let d be -6*-1*3 - -2. What is the highest common factor of o and d?
10
Suppose -18*a + 77*a = 1947. Let c = -45 + 78. What is the greatest common divisor of c and a?
33
Let l(h) = 4*h**3 + 2*h**2 + 7 + 4*h - 2*h**3 - 3*h**3. Let d be l(-3). Let o = 10 + -5. What is the greatest common divisor of o and d?
5
Let z(w) = 12*w - 139. Let d be z(32). What is the greatest common divisor of 35 and d?
35
Suppose -13*y = -2*v - 11*y + 102, -111 = -2*v - y. Calculate the highest common divisor of v and 432.
54
Suppose -16*g = -17*g + 1. Let b be 6 - g*(-4 - (0 - 3)). What is the greatest common divisor of b and 63?
7
Suppose d + 1158 = p, -1899 = 4*p - 5*d - 6534. Calculate the greatest common divisor of 66 and p.
33
Let r = -11 - -25. Suppose 5*h - 5*n - 78 = -2*n, n = -h + r. Let w = h - 12. Calculate the greatest common factor of w and 24.
3
Let y(a) = 52*a + 2. Let u be y(4). Calculate the highest common factor of u and 60.
30
Let j(d) = -5*d + 32. Let h be j(6). Suppose h*v - 45 = -3*v. What is the greatest common factor of v and 63?
9
Let y = 182 + -56. What is the highest common factor of y and 9?
9
Let p = -26 + 17. Let r = 5 - p. Let x be ((-14)/3)/(1/(-27)). What is the greatest common divisor of x and r?
14
Let l be 299 + 0 + -2 + -1 + 3. What is the highest common divisor of l and 23?
23
Suppose 0 = -c + 7*r - 9*r + 94, 0 = 4*r + 16. What is the greatest common factor of 816 and c?
102
Let u = 54 - 11. Let w = 79 - u. What is the highest common factor of w and 60?
12
Let g(j) = j**2 - 5*j - 24. Let b be g(12). Suppose -4*h + 2*h - 3*i = -b, -3*h = 5*i - 92. What is the highest common factor of 120 and h?
24
Let m = 84 - -114. Calculate the highest common divisor of 44 and m.
22
Let w(f) = -10*f - 83. Suppose 0 = 2*r + 3*o + 29, 4*o - 43 = 3*r + 9. Let c be w(r). Calculate the greatest common divisor of 14 and c.
7
Let b(s) = -3*s + 5. Let j be (-12)/3 + 0/2. Let w(m) = 8*m - 15. Let r(l) = j*w(l) - 11*b(l). Let x be r(0). What is the greatest common divisor of 20 and x?
5
Let o be 1*133/(0 - -1). Let r(t) = t**3 - 96*t**2 - 200*t + 411. Let n be r(98). What is the greatest common factor of o and n?
19
Let g be 2/(-4) - (-13)/26. Suppose g = -c + 1 + 3. Suppose -c*j + 3*s + 77 = 0, 0*j + 23 = j + 3*s. Calculate the greatest common divisor of j and 10.
10
Let g be 4*-1*(-5 - -4). Let u be ((-8)/g)/2*-4. Suppose b + u = 8. Calculate the greatest common divisor of 2 and b.
2
Suppose 0 = 6*f - 51 - 165. Calculate the highest common divisor of f and 612.
36
Suppose 6*m - 26 = 34. Calculate the highest common divisor of m and 190.
10
Let o(i) = 1. Let d(h) = -21*h + 28. Let v(z) = -d(z) + 14*o(z). Let u be v(6). Let a be 1*7*6/3. Calculate the greatest common factor of u and a.
14
Suppose 17*x + 2*x - 589 = 0. Calculate the greatest common divisor of 589 and x.
31
Let p(i) = i + 10. Let g be p(-2). Suppose -g*y + 150 = 7*y. Suppose k - 15 = u, -3*u = -4*u. What is the greatest common divisor of y and k?
5
Let r = -20 + 23. Suppose 4 = r*u - 11. What is the greatest common factor of u and 55?
5
Let t(i) = -5*i**2 - 18. Let u be t(8). Let o = u - -674. What is the highest common factor of o and 42?
42
Let w(y) = -23*y**3 + 2*y**2 - 2*y - 2. Let o = 50 + -51. Let a be w